*c = 4*r + 860. Let a = 504 + r. Is a a prime number?
False
Let w(f) = 3*f - 2. Let y be w(6). Let r be 2*(-116)/y*-34. Let u = -348 + r. Is u a prime number?
False
Let n = -57 - 75. Let u = -19 - n. Is u prime?
True
Let t = -6583 - -15504. Is t a composite number?
True
Suppose 0 = -2*l - 3*f - 222, -2*l + 4*l = f - 214. Let z = l - -130. Is z a composite number?
True
Suppose -7548 = -8*p + 12*p. Is (-16)/152 - p/57 prime?
False
Suppose -5*r = 3*x - 13092, 13*x - 9*x - 17433 = r. Is x composite?
True
Let o(r) = -2*r - 3. Let t(u) = -u**3 + 7*u**2 - u + 3. Let d be t(7). Let s be o(d). Suppose 2*f = -5*y + 241, -s*f + 39 = -2*y + 3*y. Is y a composite number?
True
Is (-14506)/(-8) + (-123)/(-164) composite?
True
Suppose 0 = 4*u - 2*u - 10970. Is 6/(-4) - u/(-10) a prime number?
True
Let r(v) = -v**2 - 14*v - 17. Let j be r(-10). Let l = 136 - j. Is l composite?
False
Let k(i) be the second derivative of i**5/5 - 2*i**4/3 + 5*i**3/6 + 3*i**2 - 9*i. Is k(5) composite?
False
Let r = 40 - -1383. Is r composite?
False
Suppose 5*g = -2*m + 987, 2*m - 3*m - 601 = -3*g. Is g a composite number?
False
Is (3 + 5 + -9)/((-4)/4604) a composite number?
False
Suppose -2*w = -4*d - 12 + 42, 3*d = -2*w + 12. Let n = 9 - d. Suppose -4*i + 617 = n*q, -2*q + 2*i = 4*i - 414. Is q prime?
True
Let b be (2 + (-36)/15)*-10. Suppose 2*k + 202 + 169 = v, -b*k - 361 = -v. Is v a prime number?
False
Let w(h) = 8*h**3 + 1. Let l be w(1). Let p be (-60)/l*(-6)/(-4). Is ((-6172)/p)/(6/15) a composite number?
False
Let n(g) = 22*g + 7. Let o be n(-6). Let u = 1033 + o. Let l = 1747 - u. Is l composite?
False
Suppose -4*w + 30 = -2*w. Suppose h = w - 3. Suppose -h = -2*i + 26. Is i a prime number?
True
Suppose 0 = 11*y - y + 80. Is (-439)/(-4) + 6/y composite?
False
Suppose q + 11*d - 10*d - 16816 = 0, -2*q - 4*d + 33642 = 0. Is q composite?
False
Is (2/(-6))/(6 - (-3709)/(-618)) composite?
True
Let r be 95/10 - 5 - 2/(-4). Suppose 152 = 3*v - s - 425, 2*s = r*v - 963. Is v prime?
True
Let v(q) = 5*q**3 - 22 + 12*q + 8 + 3 + 3*q**2 + 8. Let h be v(6). Let a = -884 + h. Is a a prime number?
True
Is 8 - 0 - -3 - -19910 composite?
True
Suppose 4 = -h + 3*h. Let a(b) = 431*b + 9. Is a(h) prime?
False
Suppose -1820*n + 1811*n = -162369. Is n prime?
True
Let d(a) = 13*a**3 - 14*a**2 + 7*a - 5. Is d(10) a prime number?
False
Let n(w) = -86*w**3 + 7*w**2 + 49*w - 27. Is n(-7) a composite number?
True
Is (-44)/33 + 1190649/9 composite?
True
Suppose -4*v = 3 - 23. Suppose 3*b - 423 = -v*h, -2*b + 0*b = -2*h - 282. Is b a composite number?
True
Let b be 2 - ((-2 - 2) + 2). Suppose -a - 2 = -0, 0 = -3*u - b*a + 265. Suppose -2*t = -2*k + 182, 7*t - 2*t = -k + u. Is k a prime number?
False
Let g(f) = 4165*f + 130. Is g(7) a composite number?
True
Let i(a) be the second derivative of a**4/12 + 5*a**3/2 - 7*a**2 - 10*a. Let r be i(-16). Is 934/4 + (-1)/r prime?
True
Suppose 12 = 2*l - 6. Let g(y) = -y + l - 2 + 15 + 2*y. Is g(11) prime?
False
Suppose 0 = 10*k - 7*k. Suppose -8*q + 2*q + 30 = k. Is 1*((q - 1) + 85) composite?
False
Let y(r) = r - 1. Let i be y(5). Let l be 4/12 - 11/(-3). Suppose u + 266 = l*b, u - 3*u = -i. Is b a composite number?
False
Let h be (-4)/(-26) - (-2)/(-13). Suppose o - 4 = -h. Suppose g + 1231 = 4*g + 5*l, o*l = 8. Is g prime?
False
Is ((-453308)/10)/(18/(-45)) composite?
False
Let i(y) = 20*y - 2. Let a be i(-2). Let q = -70 - a. Is ((-318)/24)/(1/q) a prime number?
False
Is (-7)/28 + (-5)/((-40)/274474) prime?
False
Suppose 2*y + 626 - 2226 = 0. Suppose -3*h + y = -h. Suppose -h = -a - 21. Is a a prime number?
True
Let p be 3 + (-30)/9 - 1/(-3). Suppose p = 3*b + 4*y - y - 5157, -5*b = -3*y - 8611. Is b prime?
True
Let x = 26 + -30. Let p = 10 - 10. Is (p - (-3 - x)) + 15 prime?
False
Suppose 0 = 2*l - 13*l + 3685. Is l prime?
False
Suppose 0 = 5*m - 10*m + 13710. Is (4/3)/(4/m) a composite number?
True
Let l be ((-5)/(-15))/((-3)/18). Is ((-2661)/(-18))/(l/(-12)) a prime number?
True
Suppose -1282 = -2*l - 5*k, l + 2*k - 152 = 487. Is l a prime number?
True
Suppose 2*o - 5710 = -3*o. Let d = -595 + o. Let u = d - 48. Is u prime?
True
Let l(k) = -k**3 + 44*k**2 - 23*k - 31. Is l(40) composite?
False
Let i(n) be the second derivative of n**6/45 - n**4/24 - n**3/3 - 11*n. Let v(l) be the second derivative of i(l). Is v(-1) prime?
True
Let s(d) = d**2 - 18*d + 18. Let l be s(16). Let c be 8/(-28) + 220/l. Let v = 503 + c. Is v prime?
True
Let t = -1830 + 3804. Suppose 0*h + 20 = -5*p + 4*h, -12 = 3*p + 3*h. Is t/4 + p/8 prime?
False
Let g(n) = 13*n**2 + 11*n - 41. Suppose -24*v = -21*v - 18. Is g(v) prime?
False
Suppose 1930 = a + 437. Let y = a - 862. Is y a composite number?
False
Let g = -195 - -126. Is ((-23)/g)/((-2)/(-15882)) a prime number?
True
Suppose -y = -5*r - 4741, -4*y + r = -4*r - 18994. Is y prime?
True
Let i be (21/12 - 2)*4 + -605. Let a = 1015 + i. Is a composite?
False
Let t(q) = -84*q + 49*q - 1 + 3. Suppose 4*y + 1 = b - 6, -4*b - 2*y = 8. Is t(b) a composite number?
False
Let j = 3775 - 2289. Is (j - 0)*(-1)/2*-1 prime?
True
Let s = -58784 + 93195. Is s prime?
False
Let q(c) = c**2 - 16*c + 30. Let u be q(14). Suppose -12504 = -10*b + u*b. Is b a prime number?
False
Suppose -g = 4*c - 997, -2*g - 2*c + 1989 = c. Let i = -632 + g. Is i a composite number?
True
Is 9 - (-6 + -6 - 19333) a composite number?
True
Suppose 2*j = 174 + 3014. Is j prime?
False
Let k(r) = 195*r**2 - 2*r - 2. Suppose -4*d = -3*d + 1. Let m be k(d). Suppose 5*i = -5*a + m, 37 - 2 = a - i. Is a prime?
True
Suppose -8146 + 106854 = 3*v + 2*g, 0 = 4*v + 4*g - 131612. Is v a composite number?
True
Let t(u) = -2*u**3 + u**2 - 2*u - 2. Let x be t(-1). Suppose 4*b = 2*b, 316 = 4*m + x*b. Is m a prime number?
True
Let b be -9 - -1*(-2 - -7). Is 4*74/b*46/(-4) a prime number?
False
Suppose 0 = -3*n - 1594 - 506. Let c = 1181 + n. Is c a prime number?
False
Suppose 0*z - 104 = 2*z. Is -1*z/(-8)*-34 a prime number?
False
Let v = 144 + -48. Let k = v - 66. Is (-536)/(-6) + (-10)/k a prime number?
True
Suppose -4*j - 22556 + 103536 = 0. Is j composite?
True
Let m = -14 + 15. Let y = m - -14. Is 5/y - 3768/(-9) a prime number?
True
Let c(q) = 3*q - 21. Let r be c(8). Let a(h) = -h + 12. Is a(r) a composite number?
True
Is (-13)/(-26)*(22542 + 5 + -1) composite?
False
Let j(c) = 95*c**2 + 8*c - 4. Is j(5) prime?
True
Let q = 2825 - -726. Suppose c - 505 = 2*v, v + q - 1035 = 5*c. Is c a composite number?
False
Let g be (-3)/6 - (-1692)/(-8). Let a = g - -763. Is a a composite number?
True
Suppose 4*u = -2*a - 3 - 11, u = -4*a + 7. Suppose a*o - 3644 = -o. Is o composite?
False
Is (-2)/(-12) - (3 - 77515/30) a prime number?
False
Suppose 4*b - 2*b = -3*s + 169, -4*b - 192 = -4*s. Suppose -s = -r + 3*m, m + 49 = r - 4*m. Is r prime?
True
Let l(h) = 1303*h + 12. Let x be l(1). Let g = 1832 + x. Is g prime?
False
Suppose 4*b + 72915 = 3*d, 3*d = d - 3*b + 48610. Is d composite?
True
Suppose 0 = 4*d - 8, 3*q + q - d = 34. Is 128 + 3 - (q - 5) a prime number?
True
Let z(i) be the second derivative of 193*i**4/12 - 2*i**3/3 - 3*i**2/2 - 3*i. Let a be z(-2). Let c = a + -438. Is c a prime number?
False
Let v(q) = 812*q**3 + 8*q**2 - 16*q + 7. Is v(5) a prime number?
True
Is 1 - (75075/(-30) - 2/(-4)) a prime number?
True
Suppose 3*p - 9 = -0*p. Suppose 0 = -4*i, -5*v + 16991 + 1274 = p*i. Is v composite?
True
Is (-2*(-18)/(-12))/(24/(-15304)) composite?
False
Let z = 8 - -37. Suppose -2*q = z - 129. Let k = 183 - q. Is k a prime number?
False
Is 6*1*16/(528/14971) a prime number?
False
Suppose -l = -0*l - 2*r - 18955, 6*l - 113754 = 4*r. Is l prime?
False
Let t(a) = 165*a**2 + 7*a - 71. Is t(-8) prime?
True
Suppose 0 = -40*h + 16*h + 65784. Is h prime?
True
Suppose -342*k + 271973 = -329*k. Is k composite?
False
Let b(d) = 110*d - 22. Let m be b(-9). Is 33/55 + m/(-5) composite?
True
Suppose -13*v = -14*v + 4. Let m(w) = w**3 + 8*w**2 + 7*w. Let f be m(-7). Suppose f*o + 76 = v*o. Is o prime?
True
Let k be ((-15)/10)/(-1*1/2). Suppose -4*m - c = -40, k*m - 8 - 9 = -4*c. Is m prime?
True
Let d = -4175 + 8128. Is d composite?
True
Let p = -5015 + 17418. Is p composite?
True
Suppose -2*x = -183*j + 184*j - 4255, 0 = -4*j + 5*x + 17085. Is j prime?
False
Let w(v) = -321*v + 122. Is w(-25)